-107*x + 15580. What is the greatest common factor of x and a?
41
Suppose -3 = 3*d + 3*q, -7 = 2*d + 4*q - 5. Let n(m) = -60*m - 4. Let z be n(d). What is the highest common factor of z and 16?
8
Suppose -90 - 99 = 9*c. Let d be (c/14)/(3/8). Let u be (-1344)/(-72) - d/(-6). Calculate the highest common factor of u and 18.
18
Let g be 6 - 1/2*6. Suppose -1 = z - u - 0, g*z + u = 9. Suppose t + z*q - 48 = 0, t - 2 = 4*q + 34. What is the highest common divisor of t and 88?
44
Suppose 70 = 2*q - 626. Let r be ((-4)/(-3))/((-8)/q*-1). Let k = r - 52. What is the greatest common divisor of 42 and k?
6
Suppose u - 7 = -3, -5*u + 5 = -3*k. Let l be 4 - (k + -4)/(3/(-267)). What is the highest common divisor of l and 1?
1
Let m be (-88)/6*(-14 - 253/22). Suppose -22 = 3*w - 4*w. Calculate the greatest common divisor of m and w.
22
Let p(j) = 354*j - 4618. Let a be p(14). Calculate the greatest common divisor of 702 and a.
26
Let u = -69 - 309. Let b = u + 384. What is the highest common factor of b and 22?
2
Let u(p) = 82*p + 1148. Let m be u(82). Calculate the greatest common factor of m and 123.
123
Suppose -51*a + 110*a = 123487. Calculate the greatest common divisor of 39 and a.
13
Suppose 2746*v + 251664 = 2853*v. What is the highest common factor of v and 399?
21
Let j = 56 + -52. Suppose -3*v + 25 = j*c - 6*v, -10 = -4*c - 2*v. Let d be 1 + -3 + 20/c. What is the highest common divisor of d and 3?
3
Let p = 1152 + -1150. Calculate the highest common factor of p and 1210.
2
Let q(f) be the first derivative of -f**3/3 - 10*f**2 - 95*f - 18. Let u be q(-11). What is the highest common divisor of u and 18?
2
Let q(x) = 4*x - 276. Let j be q(72). Calculate the greatest common factor of 27 and j.
3
Let c(b) = b**3 - 15*b**2 - 21*b + 95. Let h be c(16). What is the highest common divisor of h and 1185?
15
Let d(p) = -p**2 + 10*p - 8. Let q = -20 - -42. Suppose -2*f - 3*o = -7*o - q, 17 = 3*f + 2*o. Let c be d(f). Calculate the greatest common factor of 117 and c.
13
Let k(c) = -c**3 - 5*c**2 - c. Let s be (-3 - -2)*1*(6 + -1). Let q be k(s). Let z(x) = 9*x - 4. Let l be z(q). Calculate the highest common factor of l and 41.
41
Suppose -2*f + 1330 = 8*g - 7*g, 0 = -4*g + 8. Suppose 3447 = 11*b + f. What is the greatest common divisor of 23 and b?
23
Let s(u) = 273*u - 669. Let j be s(4). Calculate the greatest common divisor of j and 3948.
141
Let w(d) = d**3 + 55*d**2 + 7*d + 439. Let k be w(-55). Suppose -1245 = -5*m - 435. What is the highest common factor of k and m?
54
Suppose 215 = 3*v - y, -3*y + 1190 = v + 1135. What is the highest common divisor of 14875 and v?
35
Let w be 0*(0 + -1) + 1. Let l(k) = 21*k - 84. Let b(x) = 45*x - 167. Let p(t) = 4*b(t) - 9*l(t). Let s be p(9). What is the greatest common factor of s and w?
1
Let i be 4 - ((-12)/(-8) + 10/4). Suppose -4*l + 5*l + f = 234, i = -f. Calculate the highest common divisor of 26 and l.
26
Let q = -238 - -252. Let n be (q - 2/2)/(158 + -157). Calculate the highest common divisor of 78 and n.
13
Let r be (-2)/(-3) + -1 - 352/(-3). What is the greatest common divisor of 3393 and r?
117
Let c be (-3)/(1*3795/(-5688) - 4/(-6)). What is the highest common divisor of c and 90?
18
Let r be 0 - 4589/(-8) - 2628/(-7008). Calculate the highest common factor of 28 and r.
14
Suppose -15*w + 52*w - 152958 = 0. What is the greatest common factor of 1166 and w?
106
Let j(h) = h**2 + 8*h - 2. Let d be j(-8). Let y be (-2)/(-2) - (-190)/d*-1. Suppose 5*z - 4*z = y. What is the greatest common divisor of z and 12?
12
Suppose -6*q + 10*q = 364. Let a(l) = -26 + 0*l + 49 - 3*l + l. Let j be a(5). Calculate the greatest common divisor of q and j.
13
Let f(b) = -156*b - 8. Let d be f(-6). Let q = 253813 + -253781. Calculate the greatest common divisor of d and q.
32
Let a = 220 + -158. Suppose a = 8*z - 7*z. Calculate the greatest common divisor of z and 31.
31
Suppose -14*g = -442 - 20. Calculate the greatest common divisor of 264 and g.
33
Let z(w) = 10*w**2 - 2*w - 9. Let m(k) = 3*k + 17. Let q be m(-4). Let a be q - 4 - (5 - 2). Let x be z(a). What is the greatest common divisor of x and 5?
5
Let f be 12/20 + 204/60 - -236. What is the greatest common factor of f and 276?
12
Suppose 35*m + 14*m = -149*m + 1188. What is the highest common divisor of m and 1299?
3
Let d = 147 - 153. Let g = 25 - d. What is the highest common factor of g and 279?
31
Let r = 34724 - 20525. Suppose 5*x + 2346 = -r. Let b be x/(-39) + (-8)/(-52). Calculate the greatest common divisor of 17 and b.
17
Suppose 11*x - 15*x + 116 = 0. Suppose 2*y - 23 = -i, -3*i + x = y + y. Calculate the highest common factor of y and 135.
5
Suppose -32 - 6 = -2*d. Let v = -515 + 214. Let r = v + 434. Calculate the highest common factor of d and r.
19
Let z(g) = 170*g + 254. Let a be z(18). Let n = -2289 + a. Calculate the greatest common factor of n and 41.
41
Suppose 0 = 11*z + 362 - 2705. Calculate the greatest common divisor of 12 and z.
3
Suppose -2*g - 702 = 11*g. Let a be 10/(-1 + (-57)/g + 0). What is the highest common factor of 20 and a?
20
Let g = -769 + 1129. Calculate the greatest common divisor of g and 4920.
120
Let x be (-9 - -4)*9/(-15). Suppose l - 15 = m - 185, -l + 502 = x*m. What is the highest common factor of 112 and m?
56
Let h be (4/(-3))/((-4)/(-456)). Let c = 181 + h. What is the greatest common divisor of 58 and c?
29
Suppose -406*p + 54 = -412*p. Let l be (30/p)/(51/(-45) - -1). What is the greatest common factor of 10 and l?
5
Let v be ((-15)/(-2) + -6)/((-15)/(-1440)). What is the highest common divisor of v and 272?
16
Suppose 14*n = 20*n - 2376. Let t = n - 329. Calculate the highest common factor of 1072 and t.
67
Let c(i) = 37*i + 3152. Let y be c(-19). Calculate the highest common factor of y and 316.
79
Let h(l) = 2*l**2 + 18*l + 12. Let x be h(9). Let r(a) = -a + 20. Let d be r(-22). Calculate the greatest common factor of d and x.
42
Suppose 4341*r - 4339*r - 2*y = 66, 2*r + 19 = -3*y. Suppose -b - b + 98 = 0. Let m be (b + 1)*(-2)/(-5). Calculate the highest common divisor of r and m.
4
Let r(j) = j**3 - 13*j**2 - 4*j + 73. Let k be r(13). Calculate the greatest common factor of k and 35.
7
Let q = 468 - 446. Suppose -2*a + w + 354 = 0, 3*a + 2*a - 2*w = 884. What is the highest common divisor of q and a?
22
Let v be (-132)/(-69) + 6 + 10/115. Let m be v/10*(-270)/(-12). What is the greatest common divisor of m and 684?
18
Let d(k) = -k**2 - 78*k - 3. Let x be d(-33). Calculate the highest common divisor of x and 38.
38
Let z be -9*((-200)/6)/4. Let n = 1674 - 2978. Let c be n/(-26) + (-28)/182. Calculate the greatest common factor of z and c.
25
Let a(h) = -866*h - 202. Let j be a(-1). Calculate the greatest common factor of j and 249.
83
Let t = 477 - 356. Suppose -116*q + t*q = 2350. Calculate the highest common factor of q and 10.
10
Suppose 3*f + 0 - 27 = 0. Suppose -7*b = -f*b + 44. Suppose 4*q - 12 = 0, -5*j + 269 = -0*q - 2*q. Calculate the greatest common divisor of b and j.
11
Suppose 0*c = 3*f - 4*c - 307, f + 5*c - 115 = 0. Let a = 106 - f. What is the highest common divisor of 13 and a?
1
Let j = -9 - 15. Let h be (-4)/j + (-83)/12*-2. Calculate the greatest common factor of h and 126.
14
Let m(p) = -p**3 - 8*p**2 - 8*p + 59. Let s be m(5). Let h = s + 553. What is the greatest common factor of h and 19?
19
Suppose 624 - 50 = 11*k + 30*k. Calculate the greatest common divisor of k and 2212.
14
Let u = -4006 + 4032. Let q = 9 + -16. Let c(p) = -p**3 - 2*p**2 + 10*p + 7. Let i be c(q). What is the highest common divisor of i and u?
26
Let l = 101 - -139. Let w be ((-2 + 2)/(-2 - -7))/(-3). Suppose 0 = -4*b - d + 163, w*b - 5*d + 55 = b. What is the greatest common factor of l and b?
40
Let c(s) = -9*s - 4*s - 4*s - 11 - 24*s. Let v be c(-3). Let x(n) = 9*n - 2. Let q be x(2). What is the highest common divisor of q and v?
16
Let t(f) = 151*f**2 - 10*f + 4. Let l = -27 + 31. Let p be t(l). Let y be p/51*(-3)/(-2). What is the highest common divisor of y and 175?
35
Let s be (((-768)/(-27))/2)/(68/102)*3. What is the highest common divisor of 2888 and s?
8
Let l be ((-60)/(-42)*-2)/((40/2870)/(-4)). Calculate the greatest common factor of 70 and l.
10
Suppose 0 = -5*v + f + f + 186, -39 = -v + 